List the prime factors of 17353081.
797, 21773
What are the prime factors of 4123312?
2, 257707
List the prime factors of 3950046.
2, 3, 37, 659
What are the prime factors of 64922?
2, 11, 13, 227
What are the prime factors of 20958037?
23, 911219
What are the prime factors of 1338315?
3, 5, 11, 8111
What are the prime factors of 1256566?
2, 433, 1451
List the prime factors of 116613.
3, 7, 617
What are the prime factors of 2542488?
2, 3, 13, 29, 281
List the prime factors of 11583630.
2, 3, 5, 17, 67, 113
What are the prime factors of 1878760?
2, 5, 13, 3613
List the prime factors of 11166371.
11166371
List the prime factors of 418997.
418997
List the prime factors of 21570574.
2, 89, 179, 677
What are the prime factors of 4019151?
3, 89, 15053
What are the prime factors of 2462010?
2, 3, 5, 82067
List the prime factors of 730991.
47, 103, 151
What are the prime factors of 935743?
29, 41, 787
List the prime factors of 7147190.
2, 5, 714719
What are the prime factors of 37858620?
2, 3, 5, 71, 8887
List the prime factors of 5326787.
349, 15263
What are the prime factors of 34735?
5, 6947
List the prime factors of 6364355.
5, 617, 2063
List the prime factors of 1236828.
2, 3, 103069
List the prime factors of 282682.
2, 19, 43, 173
What are the prime factors of 129206?
2, 7, 11, 839
List the prime factors of 44631.
3, 19, 29
What are the prime factors of 776009?
13, 59693
What are the prime factors of 177477?
3, 59159
What are the prime factors of 8301242?
2, 31, 191, 701
What are the prime factors of 422300?
2, 5, 41, 103
What are the prime factors of 5018409?
3, 11, 61, 277
What are the prime factors of 1024446?
2, 3, 170741
What are the prime factors of 25035196?
2, 151, 181, 229
List the prime factors of 6374710.
2, 5, 637471
What are the prime factors of 2913606?
2, 3, 157, 1031
List the prime factors of 21393069.
3, 19, 31, 12107
What are the prime factors of 3716587?
7, 59, 8999
List the prime factors of 1260759.
3, 420253
List the prime factors of 3420134.
2, 43, 39769
What are the prime factors of 20677193?
3491, 5923
List the prime factors of 348256.
2, 10883
List the prime factors of 357658.
2, 7, 59, 433
List the prime factors of 109779.
3, 23, 37, 43
What are the prime factors of 17055671?
17055671
List the prime factors of 1064759.
271, 3929
What are the prime factors of 1336130?
2, 5, 53, 2521
What are the prime factors of 246142?
2, 13, 9467
List the prime factors of 7604763.
3, 17, 149113
What are the prime factors of 923403?
3, 13, 23677
List the prime factors of 162848.
2, 7, 727
What are the prime factors of 9805366?
2, 409, 11987
What are the prime factors of 13910179?
521, 26699
List the prime factors of 2992187.
11, 17, 16001
List the prime factors of 943488.
2, 3, 7, 13
What are the prime factors of 6206116?
2, 7, 29, 7643
What are the prime factors of 48387?
3, 127
List the prime factors of 3355125.
3, 5, 23, 389
List the prime factors of 53752.
2, 6719
List the prime factors of 191820.
2, 3, 5, 23, 139
List the prime factors of 189568.
2, 1481
What are the prime factors of 48764?
2, 73, 167
List the prime factors of 5784140.
2, 5, 137, 2111
What are the prime factors of 62781?
3, 17, 1231
What are the prime factors of 211336?
2, 26417
List the prime factors of 1327177.
61, 21757
What are the prime factors of 10316265?
3, 5, 47, 14633
What are the prime factors of 87774?
2, 3, 14629
List the prime factors of 17169021.
3, 1907669
List the prime factors of 107465.
5, 21493
List the prime factors of 2729187.
3, 101081
List the prime factors of 1010342.
2, 181, 2791
List the prime factors of 203618.
2, 61, 1669
List the prime factors of 192688.
2, 12043
List the prime factors of 5314752.
2, 3, 9227
What are the prime factors of 245231?
7, 53, 661
List the prime factors of 436798.
2, 17, 29, 443
List the prime factors of 2790967.
19, 146893
What are the prime factors of 102448?
2, 19, 337
List the prime factors of 8125658.
2, 31, 131059
What are the prime factors of 75602?
2, 103, 367
What are the prime factors of 290779?
101, 2879
List the prime factors of 4373099.
4373099
What are the prime factors of 314455?
5, 61, 1031
What are the prime factors of 87441?
3, 29147
List the prime factors of 45001.
11, 4091
What are the prime factors of 2373090?
2, 3, 5, 79103
What are the prime factors of 3480106?
2, 7, 248579
What are the prime factors of 6866170?
2, 5, 223, 3079
List the prime factors of 5056315.
5, 11, 149, 617
What are the prime factors of 36038578?
2, 1583, 11383
What are the prime factors of 310237?
310237
What are the prime factors of 270510?
2, 3, 5, 71, 127
What are the prime factors of 7883218?
2, 7, 257, 313
What are the prime factors of 477304?
2, 59663
What are the prime factors of 20154690?
2, 3, 5, 17, 4391
List the prime factors of 3467919.
3, 7, 13, 12703
What are the prime factors of 14055585?
3, 5, 47, 19937
List the prime factors of 222670.
2, 5, 7, 3181
What are the prime factors of 9531960?
2, 3, 5, 79433
What are the prime factors of 157415?
5, 19, 1657
List the prime factors of 4241067.
3, 1413689
List the prime factors of 20451291.
3, 7, 157, 6203
List the prime factors of 13392224.
2, 37, 11311
What are the prime factors of 1727039?
499, 3461
What are the prime factors of 18628774?
2, 887, 10501
List the prime factors of 51775.
5, 19, 109
What are the prime factors of 1046889?
3, 293, 397
List the prime factors of 420486.
2, 3, 11, 23, 277
What are the prime factors of 949671?
3, 17, 2069
What are the prime factors of 508052?
2, 157, 809
What are the prime factors of 5087993?
1823, 2791
What are the prime factors of 3052255?
5, 19, 89
List the prime factors of 178086.
2, 3, 67, 443
What are the prime factors of 14450668?
2, 3612667
List the prime factors of 109646.
2, 73, 751
What are the prime factors of 600730?
2, 5, 13, 4621
What are the prime factors of 14622086?
2, 103, 70981
List the prime factors of 3097079.
3097079
What are the prime factors of 339465?
3, 5, 7, 53, 61
List the prime factors of 7061205.
3, 5, 17, 27691
What are the prime factors of 2328674?
2, 433, 2689
List the prime factors of 350628.
2, 3, 61, 479
What are the prime factors of 210158?
2, 13, 59, 137
List the prime factors of 244862.
2, 191, 641
List the prime factors of 436315.
5, 11, 7933
What are the prime factors of 3620848?
2, 7, 11, 2939
What are the prime factors of 2537483?
13, 47, 4153
List the prime factors of 6591013.
11, 13, 46091
What are the prime factors of 5007310?
2, 5, 7, 11, 929
List the prime factors of 9195996.
2, 3, 766333
What are the prime factors of 496917?
3, 55213
What are the prime factors of 422819?
43, 9833
What are the prime factors of 12456777?
3, 23, 180533
What are the prime factors of 12466110?
2, 3, 5, 59, 7043
What are the prime factors of 9697084?
2, 89, 27239
List the prime factors of 20503.
7, 29, 101
List the prime factors of 399944.
2, 49993
List the prime factors of 5047762.
2, 37, 68213
List the prime factors of 503145.
3, 5, 3727
What are the prime factors of 45909?
3, 5101
What are the prime factors of 225927?
3, 13, 1931
List the prime factors of 226685.
5, 45337
What are the prime factors of 33152?
2, 7, 37
List the prime factors of 1836677.
41, 44797
List the prime factors of 181918.
2, 11, 8269
What are the prime factors of 6029717?
31, 194507
List the prime factors of 131663.
7, 2687
What are the prime factors of 569829?
3, 13, 19, 769
List the prime factors of 16094720.
2, 5, 6287
What are the prime factors of 16875950?
2, 5, 7, 13, 3709
List the prime factors of 17281821.
3, 353, 16319
What are the prime factors of 7269?
3, 2423
List the prime factors of 226995.
3, 5, 37, 409
List the prime factors of 87294.
2, 3, 14549
List the prime factors of 2943699.
3, 11, 89203
What are the prime factors of 232641?
3, 25849
What are the prime factors of 1445590?
2, 5, 37, 3907
What are the prime factors of 414437?
23, 37, 487
List the prime factors of 753168.
2, 3, 13, 17, 71
List the prime factors of 282351.
3, 94117
What are the prime factors of 118140?
2, 3, 5, 11, 179
List the prime factors of 8262841.
8262841
List the prime factors of 2352731.
151, 15581
What are the prime factors of 4268?
2, 11, 97
What are the prime factors of 147509?
17, 8677
List the prime factors of 